).
-141
Let z(s) = 14*s**3 + 2*s**2 + 11*s + 10. Calculate z(-2).
-116
Let t(u) = -64*u + 2102. What is t(33)?
-10
Let i(g) = g + 145. Give i(-18).
127
Let q(b) = -3*b**2 - 2*b + 137. Calculate q(6).
17
Let y(z) = z**3 - 49*z**2 + 101*z - 351. Give y(47).
-22
Let u(o) = -o**3 - 6*o**2 + 6*o - 1. Determine u(-6).
-37
Let s(t) = -t**3 - 3*t**2 + 90*t + 5. Calculate s(8).
21
Let y(r) = -r + 58. Give y(-6).
64
Let f(c) = -c**3 - 4*c**2 - 35*c - 523. Calculate f(-8).
13
Let m(v) = -10*v + 126. What is m(12)?
6
Let p(y) = -y**3 + 54*y**2 - 12*y - 1. Calculate p(0).
-1
Let n(g) = -386*g + 1366. Give n(4).
-178
Let g(t) = 632*t - 947. Give g(3).
949
Let m(c) = c**3 + 17*c**2 - 146. Determine m(-16).
110
Let s(n) = 4*n + 182. Give s(-7).
154
Let m(j) = -2*j**2 - 132*j - 161. Calculate m(-65).
-31
Let u(m) = 47*m - 276. Give u(6).
6
Let y(m) = -106*m + 2056. What is y(21)?
-170
Let a(q) = -q**3 - 22*q**2 - 46*q - 435. Calculate a(-21).
90
Let h(r) = 3*r**3 + 63*r**2 + 135*r + 398. Determine h(-19).
-1
Let a(j) = -2*j**2 + 13*j + 450. Determine a(16).
146
Let t(a) = a**3 - 4*a**2 - 40*a + 156. What is t(3)?
27
Let u(q) = -q**3 + 53*q**2 - 5*q + 15. Give u(53).
-250
Let b(i) = i**2 + 42*i + 112. What is b(-39)?
-5
Let l(y) = -3762*y - 18817. Determine l(-5).
-7
Let q(y) = -y**3 - 16*y**2 - 6*y + 319. What is q(-14)?
11
Let h(f) = -155*f + 1711. Determine h(11).
6
Let x(z) = -2*z**2 + 16*z + 19. Determine x(-6).
-149
Let y(g) = -3*g**3 - 3*g**2 + 16*g + 18. What is y(-1)?
2
Let r(i) = 11*i + 58. Determine r(3).
91
Let f(s) = 381*s - 5416. Give f(14).
-82
Let c(j) = -2*j**2 + 59*j + 15502. Calculate c(104).
6
Let r(m) = -m**2 - 2275*m - 11354. What is r(-5)?
-4
Let v(u) = 2*u**3 + 2*u**2 - 4*u + 8. Give v(3).
68
Let o(r) = r**3 + 28*r**2 + 71*r - 161. Give o(-26).
-655
Let r(t) = t**3 - 22*t**2 + 51*t - 22. Calculate r(18).
-400
Let c(h) = -2*h**2 - 16*h + 198. Give c(-13).
68
Let g(r) = 1054*r - 936. Determine g(1).
118
Let s(d) = d**3 - 9*d**2 - 15*d - 9. Determine s(11).
68
Let u(y) = 41*y + 512. What is u(-12)?
20
Let b(q) = q**3 - 55*q**2 + 208*q - 195. What is b(51)?
9
Let s(k) = 8*k**3 + 20*k**2 + 50*k + 12. Determine s(-3).
-174
Let d(o) = -483*o - 34276. Give d(-71).
17
Let m(s) = s**3 + 5*s**2 + 9*s + 29. Give m(-8).
-235
Let f(o) = 237*o - 2496. Determine f(10).
-126
Let n(q) = q**3 - 6*q**2 + q + 33. What is n(5)?
13
Let z(n) = -1121*n**2 + 19055*n + 29. Give z(17).
-5
Let a(h) = 23*h - 273. Determine a(12).
3
Let u(b) = -257*b - 3672. Determine u(-14).
-74
Let w(c) = -9*c + 102. Give w(5).
57
Let z(o) = o**2 - 4521*o - 36229. Determine z(-8).
3
Let t(u) = -592*u - 2968. Calculate t(-5).
-8
Let a(c) = c**3 - 15*c**2 + 18*c + 45. What is a(14)?
101
Let l(j) = 2*j**2 + 35*j - 11632. Determine l(68).
-4
Let g(c) = -c**2 - 29*c - 66. Calculate g(-25).
34
Let m(x) = 3*x**3 - 184*x**2 - 135*x + 727. Calculate m(62).
45
Let t(d) = 7*d**2 + d - 7. Determine t(-2).
19
Let d(u) = 12*u - 174. Determine d(30).
186
Let y(u) = -5*u**2 + 413*u + 176. Calculate y(83).
10
Let v(r) = r**2 - 211*r + 1234. What is v(6)?
4
Let q(g) = 3*g + 339. Give q(-113).
0
Let r(q) = -q**3 + 7*q**2 + 3*q + 36. Give r(8).
-4
Let r(q) = 87*q - 167. What is r(5)?
268
Let z(p) = -p**3 - 10*p**2 - 10*p + 72. Give z(4).
-192
Let i(h) = -11*h**3 + 6*h**2 + 64*h + 59. Determine i(-1).
12
Let q(d) = -4*d**3 - 39*d**2 - 189*d - 390. Determine q(-4).
-2
Let j(s) = 2*s**2 + 99*s - 174. Determine j(-51).
-21
Let t(k) = 26*k + 40. What is t(-2)?
-12
Let d(l) = 52*l + 5412. Determine d(-104).
4
Let k(t) = -18*t - 5168. Calculate k(-287).
-2
Let d(i) = -i**3 + 299*i**2 + 252*i + 14410. Give d(300).
10
Let m(p) = 391*p + 4. Determine m(-1).
-387
Let q(y) = 229*y**2 + 2062*y + 15. Give q(-9).
6
Let y(d) = 355*d + 2056. Calculate y(-6).
-74
Let f(n) = 2*n**2 - 107*n + 617. Calculate f(47).
6
Let s(f) = 2139*f + 25680. Calculate s(-12).
12
Let h(b) = b**2 + 1606*b + 42654. Calculate h(-27).
21
Let z(u) = 166*u**2 - 2824*u + 22. What is z(17)?
-12
Let v(h) = 79*h**3 + 5*h**2 + 3*h - 2. Give v(-1).
-79
Let x(u) = 34*u - 494. Calculate x(15).
16
Let l(m) = -m**3 + 19*m**2 - 47*m + 32. Give l(15).
227
Let f(w) = -8*w + 17. Calculate f(11).
-71
Let c(p) = 4*p**2 + 3*p - 135. What is c(6)?
27
Let s(v) = 11*v**2 - 77*v + 31. Calculate s(7).
31
Let s(q) = -4*q**2 - 32*q - 116. Give s(-4).
-52
Let o(h) = -74*h + 1173. What is o(16)?
-11
Let l(q) = q**3 + 3*q**2 + 70*q + 572. Give l(-6).
44
Let a(r) = -r**2 - 75*r - 1426. Give a(-39).
-22
Let p(g) = 7*g + 168. Determine p(-20).
28
Let h(s) = s**3 - 13*s**2 + 4*s + 56. Determine h(14).
308
Let s(p) = -p**3 - 9*p**2 + 226*p + 1460. What is s(-6)?
-4
Let a(o) = -14*o - 290. Give a(-34).
186
Let o(y) = -y**2 - 2777*y - 30417. What is o(-11)?
9
Let t(i) = 11411*i + 148350. Give t(-13).
7
Let n(r) = -2*r**3 - 13*r**2 + 255*r - 11. What is n(-15)?
-11
Let n(g) = 3*g**2 + 27*g - 334. Determine n(7).
2
Let t(d) = d**3 - 9*d**2 - 12*d + 12. Determine t(9).
-96
Let j(q) = -150*q + 815. Calculate j(5).
65
Let o(j) = -j**3 - 15*j**2 + 23*j + 175. Calculate o(-13).
-462
Let l(a) = -29*a - 43. Give l(-1).
-14
Let x(l) = 543*l + 8147. Calculate x(-15).
2
Let u(c) = 6*c**2 + 46*c - 291. Give u(11).
941
Let h(j) = 4*j**2 - 20*j - 3. Determine h(6).
21
Let w(l) = -9*l + 476. Determine w(62).
-82
Let q(p) = -2*p**3 + 15*p**2 - 52*p + 323. Determine q(7).
8
Let z(m) = 3*m**2 - 48*m + 52. What is z(0)?
52
Let h(w) = -8*w - 794. Give h(-52).
-378
Let s(z) = -6943*z - 76387. What is s(-11)?
-14
Let x(z) = -9389*z - 18772. Determine x(-2).
6
Let v(n) = -2*n**3 + 30*n**2 - 2*n - 42. What is v(14)?
322
Let v(q) = -206*q + 8028. Determine v(39).
-6
Let o(w) = w**2 + 30*w + 128. Determine o(-9).
-61
Let c(a) = -a**2 - 129*a - 845. What is c(-7)?
9
Let h(m) = m**2 - 76. What is h(-9)?
5
Let v(z) = z**2 - 2058*z + 10246. What is v(5)?
-19
Let o(w) = 8*w**2 + 22*w + 16. What is o(-2)?
4
Let v(d) = -6*d**2 - 102*d - 591. Give v(-11).
-195
Let a(f) = 17*f**3 - 310*f**2 + 71*f + 15. What is a(18)?
-3
Let d(k) = -99*k - 12. Calculate d(-1).
87
Let v(t) = -t**2 - 47*t + 507. What is v(9)?
3
Let i(r) = 14*r**2 + 11*r + 3. Give i(-3).
96
Let t(u) = -2*u**3 + 2*u**2 + 481*u - 6. Give t(16).
10
Let f(a) = 7*a**3 + 2*a**2 - 23*a + 17. Calculate f(4).
405
Let z(u) = 16*u**2 + 186*u - 73. Give z(-12).
-1
Let g(w) = w**2 - 34*w + 88. Give g(24).
-152
Let n(u) = -97*u - 8764. Determine n(-90).
-34
Let g(c) = -47*c + 187. Give g(-8).
563
Let q(l) = -19*l + 572. Give q(30).
2
Let w(m) = -7*m**3 + 12*m**2 - 5*m - 4. Calculate w(2).
-22
Let q(u) = -6*u**3 - 9*u - 15. Calculate q(-2).
51
Let f(m) = m**2 - 169*m + 994. What is f(6)?
16
Let n(v) = 3*v**3 + 164*v**2 + 39*v - 3735. Give n(-54).
-9
Let x(t) = 30*t**3 + t**2 + 43*t + 44. Give x(-1).
-28
Let v(z) = -z + 3. Give v(-2).
5
Let s(o) = -8*o**3 + 3*o**2 + 21*o - 59. What is s(3)?
-185
Let h(f) = 455*f + 4093. Calculate h(-9).
-2
Let z(m) = 3*m**3 - 143*m**2 - 44*m - 197. What is z(48)?
-5
Let q(t) = -79*t - 1974. Give q(-25).
1
Let d(p) = -624*p + 3095. Calculate d(5).
-25
Let p(n) = 101*n**2 + 207*n - 2. What is p(1)?
306
Let p(g) = -g**3 + 12*g**2 - 22*g - 9. Determine p(10).
-29
Let q(r) = -r**3 + 14*r**2 - 2*r - 6. Calculate q(13).
137
Let i(b) = -524*b + 964. Calculate i(2).
-84
Let h(r) = 12*r**2 - 10*r - 8. Give h(2).
20
Let b(c) = -c**2 - 8*c + 119. Determine b(6).
35
Let z(k) = -2*k**2 - 47*k - 24. Give z(-24).
-48
Let w(v) = -v**3 - 118*v**2 + 134*v + 1789. Calculate w(-119).
4
Let f(q) = 4*q**2 + 3*q - 10. What is f(-4)?
42
Let g(b) = -5*b + 82. Give g(23).
-33
Let g(l) = 34*l + 89. Determine g(-2).
21
Let l(n) = -18*n**3 + 110*n**2 - 9*n - 26. Determine l(6).
-8
Let p(z) = -474*z + 1898. Determine p(4).
2
Let a(w) = -773*w**2 - 2321*w. Determine a(-3).
6
Let a(k) = -k**3 + 49*k**2 - 48*k - 65. What is a(48)?
-65
Let t(h) = h**3 + 10*h**2 + 147*h + 1201. What is t(-9)?
-41
Let h(r) = 2*r**2 - 6*r + 12. What is h(-5)?
92
Let c(k) = -k**2 - 7*k + 555. Determine c(19).
61
Let h(q) = -2*q**2 + 5*q + 52. Calculate h(7).
-11
Let a(u) = u**3 + 12*u**2 + 54*u + 336. Calculate a(-10).
-4
Let x(w) = -2*w**3 + 29*w**2 + 17*w - 27. Calculate x(15).
3
Let i(h) = -3*h**3 + 5*h**2 - h - 5. Calculate i(2).
-11
Let v(t) = t**2 + 41*t - 887. Calculate v(-5